0?
20
Suppose -98 + 373 = 75*d - 6550. Calculate the greatest common factor of 403 and d.
13
Suppose 31*i - 4*i = -13203. Let v = -437 - i. What is the greatest common factor of v and 52?
52
Let h = -2 + 24. Let a = h - 14. Suppose 0 = 4*b - 4*u + 2*u - 32, 2*u + 16 = 2*b. Calculate the greatest common divisor of b and a.
8
Suppose -306 = -7*d - 250. Let b(r) = 15*r - 66. Let j be b(d). What is the greatest common factor of 36 and j?
18
Let l be 4456 - (4 + -3) - (-805)/(-115). Calculate the greatest common divisor of 32 and l.
32
Let z(s) = -2*s**2 - 6*s + 265. Let d be z(0). Suppose -34*h + d = 2*i - 39*h, 3*i + h = 355. Calculate the greatest common divisor of 36 and i.
12
Let y = -230 - 925. Let p be y/(-22)*(-16)/(-20). Calculate the greatest common divisor of 18 and p.
6
Let t = -2452 + 2464. What is the greatest common divisor of 288 and t?
12
Let y = 6596 + -5564. Calculate the highest common factor of y and 60.
12
Let j = -45 - -50. Let i be (-1476)/(-15) - (-3)/j. What is the greatest common divisor of i and 63?
9
Let l(a) = -55*a + 547. Let z be l(35). Let o = 2386 + z. Calculate the greatest common factor of 21 and o.
21
Suppose 2*j - 8 + 2 = 4*y, 18 = -3*j - 3*y. Let r(a) = -15*a + 54. Let m be r(j). What is the greatest common divisor of 33 and m?
33
Suppose -2*t + 92 = -i + 3*i, -t + 56 = -i. Let l = t - 35. Let y(q) = 14*q**2 + 19*q - 4. Let n be y(-4). Calculate the greatest common factor of l and n.
16
Let v(u) = u**3 + 11*u**2 - 5*u - 66. Let d be v(-11). Let t = d + 13. Calculate the greatest common factor of 98 and t.
2
Let o = -7 + 17. Let d = 1 + o. Let q(l) = l**3 - 12*l**2 + 13*l + 10. Let w be q(d). Calculate the highest common factor of w and 8.
8
Let x = 462 + -198. Let q = x + -217. Calculate the greatest common factor of 329 and q.
47
Let s(f) = -f. Let o(l) = 4*l + 3. Let g(q) = o(q) + 5*s(q). Let u be g(0). What is the greatest common factor of u and 75?
3
Let l = 38 + 314. Suppose 88*u + 4*m - 224 = 82*u, 5*u - 176 = -2*m. What is the highest common divisor of u and l?
32
Suppose 4*a - 3*b = 1197, -1201 = -50*a + 46*a - b. Calculate the highest common divisor of 24 and a.
12
Suppose c - 2*d + 105 - 324 = 0, -5*d - 442 = -2*c. Suppose y - 32 = -2*h + 36, 3*y = h + c. Let q = -11 - -25. What is the greatest common factor of q and y?
14
Let m(l) = -l + 52. Let j be m(0). Suppose -51*q - 192 = -j*q. Calculate the greatest common divisor of q and 144.
48
Suppose 40739*f - 548819 = 40714*f + 274831. What is the greatest common factor of 51 and f?
51
Let k(n) be the third derivative of -n**4/6 + 55*n**3/6 - 48*n**2. Let j be k(3). Calculate the highest common divisor of j and 688.
43
Let c = 42 + -174. Let o be (-24)/c + (-460)/(-11). Calculate the highest common divisor of o and 154.
14
Let d be 6/(-1)*68/(-24). Let y(l) = -4*l - 75. Let p be y(-16). Let g = p + d. Calculate the greatest common divisor of 78 and g.
6
Let g = -100 - -102. Suppose -c + g*t + 3 = -3, -3*t - 2 = 2*c. Let n = c - -30. Calculate the greatest common divisor of 48 and n.
16
Let o(k) be the third derivative of -8*k**2 + 0*k**4 + 0 + 1/4*k**6 + 0*k + 0*k**3 + 0*k**5. Let z be o(1). Calculate the greatest common factor of 12 and z.
6
Let o = 20 - 15. Let c(h) = 12*h - o*h - 5 + 10*h. Let f be c(2). What is the highest common divisor of f and 58?
29
Let o(q) = 5*q**2 + 81*q + 179. Let h be o(-16). Calculate the greatest common divisor of h and 163.
163
Let a(d) = -d**3 + 42*d**2 - 34*d + 58. Let q be a(8). What is the highest common factor of q and 576?
18
Let l = -2 + 2. Suppose 5*w - 80 - 10 = l. Let p(h) = -h**3 - 12*h**2 - 14*h - 6. Let v be p(-12). Calculate the highest common factor of w and v.
18
Let s(h) = -h - 8. Let f(n) = -n**3 - 11*n**2 - 9*n. Let b be f(-10). Let d = -10 + b. Let o be s(d). What is the greatest common divisor of 6 and o?
6
Suppose -98*m + 68190 + 28560 = -12*m. What is the highest common divisor of 27 and m?
9
Let a be (-2)/(-8) - 1037/68. Let v be 7 - (-18)/a*20/(-6). Let m be 35/v + (-10)/55. Calculate the greatest common factor of 15 and m.
3
Suppose -7*y = -2*y + 5*d + 2205, 5*y + 4*d + 2206 = 0. Let f = -337 - y. Calculate the highest common factor of 63 and f.
21
Let l be 308/55 + 3/(30/4). Let s be -1 - ((-262)/l + (-10)/(-15)). What is the highest common factor of 378 and s?
42
Let g(a) = 346*a + 10695. Let j be g(-30). Calculate the greatest common factor of j and 70.
35
Let t be (-3)/(3/2) + (41 + -5765)/(-54). Calculate the highest common divisor of t and 4316.
52
Suppose 0 = 126*h - 125*h - 473. Calculate the highest common divisor of 187 and h.
11
Suppose 2*r + 2 = -3*b - 2, 3*b + 5*r + 1 = 0. Let v be (169/26)/((-1)/b). Let a be 1*4 - (v - 117). Calculate the greatest common factor of a and 12.
12
Suppose -4*c - 300 = -4*v, 4*c + 182 = 3*v - 115. Let o be ((-4)/(-6))/((-4)/c). Let g be (264/7)/(310/1085). What is the highest common divisor of g and o?
12
Let c be 46 + 8 + (-16)/4. Suppose -c = 21*g - 26*g. What is the greatest common factor of g and 730?
10
Let h be (10/4 + -2)/((-1)/76). Let i = 96 + h. Suppose 2*q = 5*q - 5*f - 134, -q = -5*f - i. What is the highest common divisor of q and 266?
38
Let x be (1718/20 - 20/50) + (-7)/(-14). Calculate the highest common divisor of 301 and x.
43
Suppose -3*d + 85*t = 88*t - 108, 0 = d - 3*t - 48. Calculate the greatest common factor of d and 351.
39
Suppose 3*k + 94 = 4*s + 214, 4*k + 5*s = 253. What is the greatest common factor of k and 3575?
13
Let v = -8744 + 8929. What is the highest common factor of 13135 and v?
185
Let n be (-6)/(144/(-36690)) + 28/112. What is the greatest common divisor of 55 and n?
11
Let s be (2 - (-11 + (0 - -1)))/2. Let u(h) = h - 6. Let p be u(9). Suppose 126 = -p*t + 6*t. What is the greatest common factor of s and t?
6
Let s(l) = -3*l**2 - 30*l - 26. Let t(q) = -q - 2. Let k(f) = s(f) + 5*t(f). Let p be k(-7). What is the greatest common factor of p and 124?
62
Let r(f) = f**2 + 4*f + 4. Let g be r(-2). Suppose 3*b - 7*b + 700 = g. Suppose -d + 49 = -b. What is the greatest common factor of d and 32?
32
Let v = 9996 + -9786. Calculate the highest common divisor of 147 and v.
21
Let t be 875/1400 + (-2)/((-32)/628310). Calculate the highest common factor of t and 102.
102
Let l(z) be the second derivative of 3*z**5/10 + 2*z**2 + 59*z. Let r be l(2). Calculate the greatest common factor of r and 65.
13
Let g = 34 - 30. Let l be (-2 - 12/(-9))/(g/(-30)). What is the greatest common factor of 4 and l?
1
Let u(i) = 246*i - 852. Let l be u(4). What is the greatest common factor of l and 275?
11
Let f(w) = 8*w**2 + 105*w + 60. Let b be f(-13). What is the greatest common factor of 9259 and b?
47
Let c = 1694 - 1634. What is the greatest common divisor of c and 2610?
30
Let z be ((-78750)/(-168))/((-3)/(-8)). Let k be 4/50 + 11150/z. Calculate the highest common divisor of 162 and k.
9
Let p = 9477 + -5752. What is the highest common divisor of p and 25?
25
Let b be 1/((35/(-10))/(-7)). Let n = -931 + 935. Calculate the greatest common factor of n and b.
2
Suppose 6*d + 10 = 88. Let f be (3*1)/((-12)/(-388)) + -3. Let s = 185 - f. What is the greatest common factor of s and d?
13
Let y = -45 + 74. Suppose 0 = -y*f + 4*f + 825. Calculate the greatest common divisor of f and 187.
11
Let k = -558 - -560. Suppose 4*s + k*s = 294. Calculate the greatest common factor of 245 and s.
49
Let h(f) = -f + 7. Let d be h(0). Suppose -1090 + 4392 = 75*k - 7723. What is the greatest common factor of k and d?
7
Let f = -2046 + 2051. Calculate the greatest common factor of 15 and f.
5
Suppose 6*w = 4*w - 30. Let v be (-36)/w + (-2)/5. Suppose -536*x + 30 = -533*x. Calculate the highest common factor of v and x.
2
Let a(d) = 117*d**2 + 691*d + 3435. Let c be a(-5). Calculate the greatest common factor of c and 35.
35
Let s be ((-59)/2)/(12/(-84))*2. Let w be s/3 - (-2)/(-3). Suppose -410 = -3*f - w. What is the highest common factor of f and 13?
13
Let v = 32 + -5. Let r be (-53206)/(-1184) + -1*(-1)/16. Calculate the highest common factor of r and v.
9
Suppose 103*r - 94*r - 465 = 435. Calculate the highest common divisor of r and 60.
20
Let d(l) = -22*l**3 + l + 9. Let q be d(-2). Let g = 370 - q. Calculate the highest common factor of g an